t of 58493451?
5
What is the tens digit of 154563429?
2
What is the thousands digit of 858658096?
8
What is the millions digit of 644746967?
4
What is the tens digit of 90273787?
8
What is the hundred millions digit of 767979672?
7
What is the millions digit of 1578370211?
8
What is the hundreds digit of 290168770?
7
What is the thousands digit of 477191988?
1
What is the hundreds digit of 166483525?
5
What is the hundred millions digit of 671082981?
6
What is the ten millions digit of 39972288?
3
What is the hundred millions digit of 4663789425?
6
What is the ten millions digit of 126892257?
2
What is the ten millions digit of 1831139323?
3
What is the ten thousands digit of 630951122?
5
What is the units digit of 31764517?
7
What is the hundred thousands digit of 3919563177?
5
What is the tens digit of 3256442?
4
What is the tens digit of 59031578?
7
What is the ten thousands digit of 103834108?
3
What is the hundreds digit of 1039701281?
2
What is the hundred thousands digit of 141811066?
8
What is the tens digit of 5371000?
0
What is the thousands digit of 73392211?
2
What is the hundreds digit of 6156359000?
0
What is the hundred millions digit of 1106679892?
1
What is the ten millions digit of 301257155?
0
What is the hundreds digit of 54716289?
2
What is the hundred millions digit of 127905491?
1
What is the hundred millions digit of 1545710192?
5
What is the ten millions digit of 565690888?
6
What is the ten thousands digit of 2247051536?
5
What is the tens digit of 63769104?
0
What is the units digit of 241659551?
1
What is the tens digit of 465710346?
4
What is the hundreds digit of 517195346?
3
What is the hundred millions digit of 232543109?
2
What is the thousands digit of 78334101?
4
What is the hundred millions digit of 182684798?
1
What is the ten thousands digit of 5975795?
7
What is the thousands digit of 202803306?
3
What is the tens digit of 823022489?
8
What is the thousands digit of 6401527965?
7
What is the tens digit of 67851534?
3
What is the tens digit of 11404212?
1
What is the hundreds digit of 4476011995?
9
What is the hundred thousands digit of 758927629?
9
What is the hundreds digit of 25083866?
8
What is the millions digit of 27795700?
7
What is the millions digit of 104227769?
4
What is the tens digit of 1421822878?
7
What is the units digit of 321238833?
3
What is the thousands digit of 7430936?
0
What is the ten millions digit of 2366934995?
6
What is the tens digit of 2177883304?
0
What is the tens digit of 62157378?
7
What is the hundred millions digit of 407574486?
4
What is the hundred millions digit of 662976306?
6
What is the units digit of 5240963416?
6
What is the hundred millions digit of 547193095?
5
What is the hundred thousands digit of 19399382?
3
What is the millions digit of 961833325?
1
What is the hundred thousands digit of 48218468?
2
What is the hundred thousands digit of 973867796?
8
What is the units digit of 59443010?
0
What is the units digit of 548803511?
1
What is the hundred millions digit of 360518856?
3
What is the units digit of 105569213?
3
What is the thousands digit of 47553117?
3
What is the hundred thousands digit of 918342511?
3
What is the tens digit of 148571138?
3
What is the tens digit of 137340232?
3
What is the millions digit of 2370944070?
0
What is the ten millions digit of 44562047?
4
What is the millions digit of 401901935?
1
What is the ten millions digit of 4471375791?
7
What is the units digit of 888697225?
5
What is the ten thousands digit of 20847249?
4
What is the hundreds digit of 3800225271?
2
What is the hundred thousands digit of 80207157?
2
What is the ten millions digit of 1391771907?
9
What is the millions digit of 3315931328?
5
What is the tens digit of 76521848?
4
What is the millions digit of 578292841?
8
What is the millions digit of 36907025?
6
What is the thousands digit of 2556348752?
8
What is the hundred millions digit of 588886488?
5
What is the ten millions digit of 1356100823?
5
What is the units digit of 3032245796?
6
What is the millions digit of 128480574?
8
What is the units digit of 2282353406?
6
What is the ten millions digit of 13356438?
1
What is the hundreds digit of 935318898?
8
What is the thousands digit of 3543408322?
8
What is the hundred thousands digit of 2428477?
4
What is the billions digit of 1017615069?
1
What is the hundred millions digit of 585537676?
5
What is the millions digit of 168973592?
8
What is the ten millions digit of 29033340?
2
What is the millions digit of 539130903?
9
What is the hundred millions digit of 309354605?
3
What is the hundred millions digit of 452821452?
4
What is the units digit of 199019949?
9
What is the hundreds digit of 1146808592?
5
What is the tens digit of 1315219747?
4
What is the hundred thousands digit of 755956?
7
What is the hundreds digit of 495430943?
9
What is the hundred thousands digit of 526470949?
4
What is the thousands digit of 307471361?
1
What is the tens digit of 1153558401?
0
What is the billions digit of 4063305537?
4
What is the hundred millions digit of 954000513?
9
What is the ten thousands digit of 88416179?
1
What is the units digit of 46885655?
5
What is the hundreds digit of 1349965531?
5
What is the hundred thousands digit of 5698592410?
5
What is the tens digit of 145325491?
9
What is the tens digit of 3411153921?
2
What is the tens digit of 492907551?
5
What is the hundred millions digit of 355543165?
3
What is the billions digit of 1006736051?
1
What is the thousands digit of 4041808398?
8
What is the hundreds digit of 35836688?
6
What is the tens digit of 132428919?
1
What is the ten thousands digit of 121326589?
2
What is the units digit of 142330618?
8
What is the hundred thousands digit of 202915481?
9
What is the hundred thousands digit of 57383666?
3
What is the ten thousands digit of 7036354933?
5
What is the hundred thousands digit of 18154169?
1
What is the ten millions digit of 2016555023?
1
What is the hundred millions digit of 907209032?
9
What is the tens digit of 160033545?
4
What is the tens digit of 131428306?
0
What is the billions digit of 1241572286?
1
What is the hundreds digit of 215811405?
4
What is the units digit of 328007029?
9
What is the units digit of 50355513?
3
What is the hundred millions digit of 1203301492?
2
What is the hundreds digit of 1185429232?
2
What is the hundred millions digit of 166113585?
1
What is the units digit of 3649476429?
9
What is the units digit of 48730585?
5
What is the millions digit of 5117556677?
7
What is the hundred thousands digit of 1242619374?
6
What is the ten millions digit of 2301930248?
0
What is the tens digit of 1283200608?
0
What is the hundreds digit of 91513671?
6
What is the hundred thousands digit of 482459032?
4
What is the millions digit of 56672207?
6
What is the millions digit of 11790586?
1
What is the units digit of 39172801?
1
What is the hundreds digit of 56418992?
9
What is the ten millions digit of 90732550?
9
What is the ten millions digit of 56105746?
5
What is the ten millions digit of 3039362495?
3
What is the thousands digit of 74232660?
2
What is the tens digit of 98933999?
9
What is the ten millions digit of 23820711?
2
What is the ten millions digit of 281830112?
8
What is the hundred thousands digit of 3425176?
4
What is the thousands digit of 4037443497?
3
What is the hundreds digit of 698600688?
6
What is the hundred thousands digit of 80900210?
9
What is the thousands digit of 18796211?
6
What is the ten thousands digit of 47524424?
2
What is the tens digit of 1770369734?
3
What is the tens digit of 34513338?
3
What is the ten thousands digit of 165656313?
5
What is the thousands digit of 1000638203?
8
What is the hundred thousands digit of 1480564945?
5
What is the ten millions digit of 64184153?
6
What is the thousands digit of 259717210?
7
What is the thousands digit of 241281354?
1
What is the tens digit of 120853358?
5
What is the hundred thousands digit of 349260830?
2
What is the hundred thousands digit of 587263112?
2
What is the hundred millions digit of 5122846575?
1
What is the units digit of 315371633?
3
What is the hundred millions digit of 355231047?
3
What is the hundred thousands digit of 62402990?
4
What is the ten thousands digit of 5567